{"id":4175,"date":"2024-03-07T10:37:03","date_gmt":"2024-03-07T15:37:03","guid":{"rendered":"https:\/\/manosvisibles.org\/?post_type=convocatorias&#038;p=4175"},"modified":"2024-04-01T13:58:16","modified_gmt":"2024-04-01T18:58:16","slug":"convocatoria-naidi-girls-medellin","status":"publish","type":"convocatorias","link":"https:\/\/manosvisibles.org\/pt\/convocatorias\/convocatoria-naidi-girls-medellin\/","title":{"rendered":"Convocatoria Naid\u00ed Girls Medell\u00edn"},"content":{"rendered":"","protected":false},"excerpt":{"rendered":"<p><strong>8 de marzo al 26 de marzo 2024<br \/>\n<font color=\"#ee4423\"> Chamada (ENCERRADA)<br \/>\n<\/font><\/strong>Convocamos ni\u00f1as afrodescendientes y\/o ind\u00edgenas entre los 10 y los 17 a\u00f1os de la ciudad de Medell\u00edn y su \u00e1rea metropolitana<\/p>","protected":false},"featured_media":4179,"template":"","meta":{"_acf_changed":false,"_et_pb_use_builder":"on","_et_pb_old_content":"","_et_gb_content_width":"","inline_featured_image":false},"categories":[],"class_list":["post-4175","convocatorias","type-convocatorias","status-publish","has-post-thumbnail","hentry"],"acf":[],"_links":{"self":[{"href":"https:\/\/manosvisibles.org\/pt\/wp-json\/wp\/v2\/convocatorias\/4175","targetHints":{"allow":["GET"]}}],"collection":[{"href":"https:\/\/manosvisibles.org\/pt\/wp-json\/wp\/v2\/convocatorias"}],"about":[{"href":"https:\/\/manosvisibles.org\/pt\/wp-json\/wp\/v2\/types\/convocatorias"}],"wp:featuredmedia":[{"embeddable":true,"href":"https:\/\/manosvisibles.org\/pt\/wp-json\/wp\/v2\/media\/4179"}],"wp:attachment":[{"href":"https:\/\/manosvisibles.org\/pt\/wp-json\/wp\/v2\/media?parent=4175"}],"wp:term":[{"taxonomy":"category","embeddable":true,"href":"https:\/\/manosvisibles.org\/pt\/wp-json\/wp\/v2\/categories?post=4175"}],"curies":[{"name":"wp","href":"https:\/\/api.w.org\/{rel}","templated":true}]}}

Convocatoria Naidí Girls Medellín

<p><strong>8 de marzo al 26 de marzo 2024<br />
<font color="#ee4423"> Chamada (ENCERRADA)<br />
</font></strong>Convocamos niñas afrodescendientes y/o indígenas entre los 10 y los 17 años de la ciudad de Medellín y su área metropolitana</p>
