{"id":1569,"date":"2023-08-11T10:53:51","date_gmt":"2023-08-11T15:53:51","guid":{"rendered":"http:\/\/50.31.176.2\/~cexhtlzg\/?post_type=convocatorias&#038;p=1569"},"modified":"2024-01-25T11:37:15","modified_gmt":"2024-01-25T16:37:15","slug":"naidi-girls-medellin","status":"publish","type":"convocatorias","link":"https:\/\/manosvisibles.org\/pt\/convocatorias\/naidi-girls-medellin\/","title":{"rendered":"Naid\u00ed Girls: Medell\u00edn"},"content":{"rendered":"","protected":false},"excerpt":{"rendered":"<p><strong>10 al 24 de julio 2023<br \/>\n<font color=\"#ee4423\"> Chamada (ENCERRADA)<br \/>\n<\/font><\/strong>Fa\u00e7a parte do primeiro programa de rob\u00f3tica, ci\u00eancia, tecnologia e lideran\u00e7a para meninas e adolescentes afro em Medell\u00edn.<\/p>","protected":false},"featured_media":1571,"template":"","meta":{"_acf_changed":false,"_et_pb_use_builder":"on","_et_pb_old_content":"","_et_gb_content_width":"","inline_featured_image":false},"categories":[4],"class_list":["post-1569","convocatorias","type-convocatorias","status-publish","has-post-thumbnail","hentry","category-convocatorias"],"acf":[],"_links":{"self":[{"href":"https:\/\/manosvisibles.org\/pt\/wp-json\/wp\/v2\/convocatorias\/1569","targetHints":{"allow":["GET"]}}],"collection":[{"href":"https:\/\/manosvisibles.org\/pt\/wp-json\/wp\/v2\/convocatorias"}],"about":[{"href":"https:\/\/manosvisibles.org\/pt\/wp-json\/wp\/v2\/types\/convocatorias"}],"wp:featuredmedia":[{"embeddable":true,"href":"https:\/\/manosvisibles.org\/pt\/wp-json\/wp\/v2\/media\/1571"}],"wp:attachment":[{"href":"https:\/\/manosvisibles.org\/pt\/wp-json\/wp\/v2\/media?parent=1569"}],"wp:term":[{"taxonomy":"category","embeddable":true,"href":"https:\/\/manosvisibles.org\/pt\/wp-json\/wp\/v2\/categories?post=1569"}],"curies":[{"name":"wp","href":"https:\/\/api.w.org\/{rel}","templated":true}]}}

Naidí Girls: Medellín

<p><strong>10 al 24 de julio 2023<br />
<font color="#ee4423"> Chamada (ENCERRADA)<br />
</font></strong>Faça parte do primeiro programa de robótica, ciência, tecnologia e liderança para meninas e adolescentes afro em Medellín.</p>
