{"id":1444,"date":"2023-08-09T19:12:56","date_gmt":"2023-08-10T00:12:56","guid":{"rendered":"http:\/\/50.31.176.2\/~cexhtlzg\/?post_type=convocatorias&#038;p=1444"},"modified":"2023-08-09T19:14:12","modified_gmt":"2023-08-10T00:14:12","slug":"foco-la-imagen-negra-en-el-audiovisual","status":"publish","type":"convocatorias","link":"https:\/\/manosvisibles.org\/pt\/convocatorias\/foco-la-imagen-negra-en-el-audiovisual\/","title":{"rendered":"Foco: A imagem negra no audiovisual"},"content":{"rendered":"","protected":false},"excerpt":{"rendered":"<p><strong>23 de maio a 12 de junho de 2023<br \/>\n<font color=\"#ee4423\"> Chamada (ENCERRADA)<br \/>\n<\/font><\/strong>\u00c9 o compromisso com a Cria\u00e7\u00e3o de Conte\u00fado Consciente, de Qualidade e de Impacto para a Equidade Racial. \u00c9 a primeira Escola de Produ\u00e7\u00e3o Audiovisual que a partir da articula\u00e7\u00e3o Col\u00f4mbia (Manos Visibles) \u2013 Brasil (Associa\u00e7\u00e3o dos Profissionais Negros do Audiovisual \u2013 APAN).<\/p>","protected":false},"featured_media":1446,"template":"","meta":{"_acf_changed":false,"_et_pb_use_builder":"on","_et_pb_old_content":"","_et_gb_content_width":"1080","inline_featured_image":false},"categories":[4],"class_list":["post-1444","convocatorias","type-convocatorias","status-publish","has-post-thumbnail","hentry","category-convocatorias"],"acf":[],"_links":{"self":[{"href":"https:\/\/manosvisibles.org\/pt\/wp-json\/wp\/v2\/convocatorias\/1444","targetHints":{"allow":["GET"]}}],"collection":[{"href":"https:\/\/manosvisibles.org\/pt\/wp-json\/wp\/v2\/convocatorias"}],"about":[{"href":"https:\/\/manosvisibles.org\/pt\/wp-json\/wp\/v2\/types\/convocatorias"}],"wp:featuredmedia":[{"embeddable":true,"href":"https:\/\/manosvisibles.org\/pt\/wp-json\/wp\/v2\/media\/1446"}],"wp:attachment":[{"href":"https:\/\/manosvisibles.org\/pt\/wp-json\/wp\/v2\/media?parent=1444"}],"wp:term":[{"taxonomy":"category","embeddable":true,"href":"https:\/\/manosvisibles.org\/pt\/wp-json\/wp\/v2\/categories?post=1444"}],"curies":[{"name":"wp","href":"https:\/\/api.w.org\/{rel}","templated":true}]}}

<p><strong>23 de maio a 12 de junho de 2023<br />
<font color="#ee4423"> Chamada (ENCERRADA)<br />
</font></strong>É o compromisso com a Criação de Conteúdo Consciente, de Qualidade e de Impacto para a Equidade Racial. É a primeira Escola de Produção Audiovisual que a partir da articulação Colômbia (Manos Visibles) – Brasil (Associação dos Profissionais Negros do Audiovisual – APAN).</p>
