{"id":1432,"date":"2023-08-09T18:54:40","date_gmt":"2023-08-09T23:54:40","guid":{"rendered":"http:\/\/50.31.176.2\/~cexhtlzg\/?post_type=convocatorias&#038;p=1432"},"modified":"2023-08-09T19:17:56","modified_gmt":"2023-08-10T00:17:56","slug":"convocatoria-dale-liderazgos-de-vanguardia-quibdo","status":"publish","type":"convocatorias","link":"https:\/\/manosvisibles.org\/pt\/convocatorias\/convocatoria-dale-liderazgos-de-vanguardia-quibdo\/","title":{"rendered":"Dale \u2013 Lideran\u00e7a de Vanguarda \u2013 Quibd\u00f3"},"content":{"rendered":"","protected":false},"excerpt":{"rendered":"<p><strong>29 de mar\u00e7o a 23 de abril de 2023<br \/>\n<font color=\"#ee4423\"> Chamada (ENCERRADA)<br \/>\n<\/font><\/strong>Estamos procurando jovens em Tumaco urbano e rural (Imbili, Ll\u00f3rente) Salahonda, Mag\u00fc\u00ed Pay\u00e1n, Roberto Pay\u00e1n, Barbacoas, Mosquera, El Charco para promover sua lideran\u00e7a e transforma\u00e7\u00f5es em seu territ\u00f3rio.<\/p>","protected":false},"featured_media":1436,"template":"","meta":{"_acf_changed":false,"_et_pb_use_builder":"on","_et_pb_old_content":"","_et_gb_content_width":"1080","inline_featured_image":false},"categories":[4],"class_list":["post-1432","convocatorias","type-convocatorias","status-publish","has-post-thumbnail","hentry","category-convocatorias"],"acf":[],"_links":{"self":[{"href":"https:\/\/manosvisibles.org\/pt\/wp-json\/wp\/v2\/convocatorias\/1432","targetHints":{"allow":["GET"]}}],"collection":[{"href":"https:\/\/manosvisibles.org\/pt\/wp-json\/wp\/v2\/convocatorias"}],"about":[{"href":"https:\/\/manosvisibles.org\/pt\/wp-json\/wp\/v2\/types\/convocatorias"}],"wp:featuredmedia":[{"embeddable":true,"href":"https:\/\/manosvisibles.org\/pt\/wp-json\/wp\/v2\/media\/1436"}],"wp:attachment":[{"href":"https:\/\/manosvisibles.org\/pt\/wp-json\/wp\/v2\/media?parent=1432"}],"wp:term":[{"taxonomy":"category","embeddable":true,"href":"https:\/\/manosvisibles.org\/pt\/wp-json\/wp\/v2\/categories?post=1432"}],"curies":[{"name":"wp","href":"https:\/\/api.w.org\/{rel}","templated":true}]}}

Dale – Liderança de Vanguarda – Quibdó

<p><strong>29 de março a 23 de abril de 2023<br />
<font color="#ee4423"> Chamada (ENCERRADA)<br />
</font></strong>Estamos procurando jovens em Tumaco urbano e rural (Imbili, Llórente) Salahonda, Magüí Payán, Roberto Payán, Barbacoas, Mosquera, El Charco para promover sua liderança e transformações em seu território.</p>
