{"id":8639,"date":"2025-02-19T15:58:50","date_gmt":"2025-02-19T20:58:50","guid":{"rendered":"https:\/\/manosvisibles.org\/?post_type=convocatorias&#038;p=8639"},"modified":"2025-03-08T19:04:02","modified_gmt":"2025-03-09T00:04:02","slug":"convocatoria-naidi-girls-medellin-2025","status":"publish","type":"convocatorias","link":"https:\/\/manosvisibles.org\/en\/convocatorias\/convocatoria-naidi-girls-medellin-2025\/","title":{"rendered":"Convocatoria Naid\u00ed Girls Medell\u00edn 2025"},"content":{"rendered":"","protected":false},"excerpt":{"rendered":"<p><strong>19 de febrero 2025 <font color=\"#ee4423\"> Convocatoria (CERRADA) <\/font><\/strong>Convocamos ni\u00f1as afrodescendientes y\/o ind\u00edgenas entre los 10 y los 17 a\u00f1os de la ciudad de Medell\u00edn y su \u00e1rea metropolitana<\/p>","protected":false},"featured_media":4179,"template":"","meta":{"_acf_changed":false,"_et_pb_use_builder":"on","_et_pb_old_content":"","_et_gb_content_width":"","inline_featured_image":false},"categories":[4],"class_list":["post-8639","convocatorias","type-convocatorias","status-publish","has-post-thumbnail","hentry","category-convocatorias"],"acf":[],"_links":{"self":[{"href":"https:\/\/manosvisibles.org\/en\/wp-json\/wp\/v2\/convocatorias\/8639","targetHints":{"allow":["GET"]}}],"collection":[{"href":"https:\/\/manosvisibles.org\/en\/wp-json\/wp\/v2\/convocatorias"}],"about":[{"href":"https:\/\/manosvisibles.org\/en\/wp-json\/wp\/v2\/types\/convocatorias"}],"wp:featuredmedia":[{"embeddable":true,"href":"https:\/\/manosvisibles.org\/en\/wp-json\/wp\/v2\/media\/4179"}],"wp:attachment":[{"href":"https:\/\/manosvisibles.org\/en\/wp-json\/wp\/v2\/media?parent=8639"}],"wp:term":[{"taxonomy":"category","embeddable":true,"href":"https:\/\/manosvisibles.org\/en\/wp-json\/wp\/v2\/categories?post=8639"}],"curies":[{"name":"wp","href":"https:\/\/api.w.org\/{rel}","templated":true}]}}

Convocatoria Naidí Girls Medellín 2025

<p><strong>19 de febrero 2025 <font color="#ee4423"> Convocatoria (CERRADA) </font></strong>Convocamos niñas afrodescendientes y/o indígenas entre los 10 y los 17 años de la ciudad de Medellín y su área metropolitana</p>
