{"id":3682,"date":"2024-02-01T09:37:34","date_gmt":"2024-02-01T14:37:34","guid":{"rendered":"https:\/\/manosvisibles.org\/?post_type=convocatorias&#038;p=3682"},"modified":"2024-02-27T08:57:39","modified_gmt":"2024-02-27T13:57:39","slug":"vanguardia-etnica-cultural","status":"publish","type":"convocatorias","link":"https:\/\/manosvisibles.org\/en\/convocatorias\/vanguardia-etnica-cultural\/","title":{"rendered":"Vanguardia \u00c9tnica Cultural"},"content":{"rendered":"\n[et_pb_section admin_label=&#8221;section&#8221;]\n\t\t\t[et_pb_row admin_label=&#8221;row&#8221;]\n\t\t\t\t[et_pb_column type=&#8221;4_4&#8243;][\/et_pb_column]\n\t\t\t[\/et_pb_row]\n\t\t[\/et_pb_section]\n","protected":false},"excerpt":{"rendered":"<p><strong>5 de febrero al 26 de febrero 2024<br \/>\n<font color=\"#ee4423\"> Call for Applications (CLOSED)<br \/>\n<\/font><\/strong>Buscamos 35 liderazgos afrocolombianos e ind\u00edgenas con trayectoria en el campo audiovisual, literario y digital, para adelantar estudios de Maestr\u00eda en Gesti\u00f3n y Producci\u00f3n Cultural y Audiovisual en la Universidad Jorge Tadeo Lozano.<\/p>","protected":false},"featured_media":3884,"template":"","meta":{"_acf_changed":false,"_et_pb_use_builder":"on","_et_pb_old_content":"","_et_gb_content_width":"1080","inline_featured_image":false},"categories":[4],"class_list":["post-3682","convocatorias","type-convocatorias","status-publish","has-post-thumbnail","hentry","category-convocatorias"],"acf":[],"_links":{"self":[{"href":"https:\/\/manosvisibles.org\/en\/wp-json\/wp\/v2\/convocatorias\/3682","targetHints":{"allow":["GET"]}}],"collection":[{"href":"https:\/\/manosvisibles.org\/en\/wp-json\/wp\/v2\/convocatorias"}],"about":[{"href":"https:\/\/manosvisibles.org\/en\/wp-json\/wp\/v2\/types\/convocatorias"}],"wp:featuredmedia":[{"embeddable":true,"href":"https:\/\/manosvisibles.org\/en\/wp-json\/wp\/v2\/media\/3884"}],"wp:attachment":[{"href":"https:\/\/manosvisibles.org\/en\/wp-json\/wp\/v2\/media?parent=3682"}],"wp:term":[{"taxonomy":"category","embeddable":true,"href":"https:\/\/manosvisibles.org\/en\/wp-json\/wp\/v2\/categories?post=3682"}],"curies":[{"name":"wp","href":"https:\/\/api.w.org\/{rel}","templated":true}]}}

Vanguardia Étnica Cultural

<p><strong>5 de febrero al 26 de febrero 2024<br />
<font color="#ee4423"> Call for Applications (CLOSED)<br />
</font></strong>Buscamos 35 liderazgos afrocolombianos e indígenas con trayectoria en el campo audiovisual, literario y digital, para adelantar estudios de Maestría en Gestión y Producción Cultural y Audiovisual en la Universidad Jorge Tadeo Lozano.</p>
