{"id":1548,"date":"2023-08-11T10:32:44","date_gmt":"2023-08-11T15:32:44","guid":{"rendered":"http:\/\/50.31.176.2\/~cexhtlzg\/?post_type=convocatorias&#038;p=1548"},"modified":"2023-08-11T10:33:36","modified_gmt":"2023-08-11T15:33:36","slug":"1548","status":"publish","type":"convocatorias","link":"https:\/\/manosvisibles.org\/en\/convocatorias\/1548\/","title":{"rendered":"Dale &#8211; Liderazgos de Vanguardia &#8211; Buenaventura"},"content":{"rendered":"","protected":false},"excerpt":{"rendered":"<p><strong>22 de junio  al 17  de julio de 2023<br \/>\n<font color=\"#ee4423\"> Call for Applications (CLOSED)<br \/>\n<\/font><\/strong>Haz parte de este programa enfocado en j\u00f3venes l\u00edderes y lideresas del Pac\u00edfico colombiano y centros urbanos, que tienen procesos sociales o pertenecen a organizaciones que impactan y generan transformaciones sociales.<\/p>","protected":false},"featured_media":1549,"template":"","meta":{"_acf_changed":false,"_et_pb_use_builder":"on","_et_pb_old_content":"","_et_gb_content_width":"","inline_featured_image":false},"categories":[4],"class_list":["post-1548","convocatorias","type-convocatorias","status-publish","has-post-thumbnail","hentry","category-convocatorias"],"acf":[],"_links":{"self":[{"href":"https:\/\/manosvisibles.org\/en\/wp-json\/wp\/v2\/convocatorias\/1548","targetHints":{"allow":["GET"]}}],"collection":[{"href":"https:\/\/manosvisibles.org\/en\/wp-json\/wp\/v2\/convocatorias"}],"about":[{"href":"https:\/\/manosvisibles.org\/en\/wp-json\/wp\/v2\/types\/convocatorias"}],"wp:featuredmedia":[{"embeddable":true,"href":"https:\/\/manosvisibles.org\/en\/wp-json\/wp\/v2\/media\/1549"}],"wp:attachment":[{"href":"https:\/\/manosvisibles.org\/en\/wp-json\/wp\/v2\/media?parent=1548"}],"wp:term":[{"taxonomy":"category","embeddable":true,"href":"https:\/\/manosvisibles.org\/en\/wp-json\/wp\/v2\/categories?post=1548"}],"curies":[{"name":"wp","href":"https:\/\/api.w.org\/{rel}","templated":true}]}}

<p><strong>22 de junio  al 17  de julio de 2023<br />
<font color="#ee4423"> Call for Applications (CLOSED)<br />
</font></strong>Haz parte de este programa enfocado en jóvenes líderes y lideresas del Pacífico colombiano y centros urbanos, que tienen procesos sociales o pertenecen a organizaciones que impactan y generan transformaciones sociales.</p>
