{"id":1411,"date":"2023-08-09T17:41:54","date_gmt":"2023-08-09T22:41:54","guid":{"rendered":"http:\/\/50.31.176.2\/~cexhtlzg\/?post_type=convocatorias&#038;p=1411"},"modified":"2023-08-09T19:18:14","modified_gmt":"2023-08-10T00:18:14","slug":"convocatoria-dale-liderazgos-de-vanguardia","status":"publish","type":"convocatorias","link":"https:\/\/manosvisibles.org\/en\/convocatorias\/convocatoria-dale-liderazgos-de-vanguardia\/","title":{"rendered":"DALE \u2013 CUTTING-EDGE LEADERSHIP \u2014 TUMACO\u00a0"},"content":{"rendered":"","protected":false},"excerpt":{"rendered":"<p><strong>March 16 \u2013 26, 2023<br \/>\n<font color=\"#ee4423\"> Call for Applications (CLOSED)<br \/>\n<\/font><\/strong>Seeking young individuals in both urban and rural Tumaco (Imbili, Ll\u00f3rente), Salahonda, Mag\u00fc\u00ed Pay\u00e1n, Roberto Pay\u00e1n, Barbacoas, Mosquera, and El Charco to promote leadership within the territory.<\/p>","protected":false},"featured_media":1416,"template":"","meta":{"_acf_changed":false,"_et_pb_use_builder":"on","_et_pb_old_content":"","_et_gb_content_width":"","inline_featured_image":false},"categories":[4],"class_list":["post-1411","convocatorias","type-convocatorias","status-publish","has-post-thumbnail","hentry","category-convocatorias"],"acf":[],"_links":{"self":[{"href":"https:\/\/manosvisibles.org\/en\/wp-json\/wp\/v2\/convocatorias\/1411","targetHints":{"allow":["GET"]}}],"collection":[{"href":"https:\/\/manosvisibles.org\/en\/wp-json\/wp\/v2\/convocatorias"}],"about":[{"href":"https:\/\/manosvisibles.org\/en\/wp-json\/wp\/v2\/types\/convocatorias"}],"wp:featuredmedia":[{"embeddable":true,"href":"https:\/\/manosvisibles.org\/en\/wp-json\/wp\/v2\/media\/1416"}],"wp:attachment":[{"href":"https:\/\/manosvisibles.org\/en\/wp-json\/wp\/v2\/media?parent=1411"}],"wp:term":[{"taxonomy":"category","embeddable":true,"href":"https:\/\/manosvisibles.org\/en\/wp-json\/wp\/v2\/categories?post=1411"}],"curies":[{"name":"wp","href":"https:\/\/api.w.org\/{rel}","templated":true}]}}

<p><strong>March 16 – 26, 2023<br />
<font color="#ee4423"> Call for Applications (CLOSED)<br />
</font></strong>Seeking young individuals in both urban and rural Tumaco (Imbili, Llórente), Salahonda, Magüí Payán, Roberto Payán, Barbacoas, Mosquera, and El Charco to promote leadership within the territory.</p>
