{"id":10184,"date":"2026-03-02T09:31:32","date_gmt":"2026-03-02T14:31:32","guid":{"rendered":"https:\/\/manosvisibles.org\/?post_type=convocatorias&#038;p=10184"},"modified":"2026-03-03T13:53:38","modified_gmt":"2026-03-03T18:53:38","slug":"dale-lidera-pazcifico-2026","status":"publish","type":"convocatorias","link":"https:\/\/manosvisibles.org\/en\/convocatorias\/dale-lidera-pazcifico-2026\/","title":{"rendered":"DALE Lidera Pazcifico 2026"},"content":{"rendered":"\n[et_pb_section admin_label=&#8221;section&#8221;]\n\t\t\t[et_pb_row admin_label=&#8221;row&#8221;]\n\t\t\t\t[et_pb_column type=&#8221;4_4&#8243;][et_pb_text admin_label=&#8221;Text&#8221;][\/et_pb_text][\/et_pb_column]\n\t\t\t[\/et_pb_row]\n\t\t[\/et_pb_section]\n","protected":false},"excerpt":{"rendered":"<p>Buscamos a j\u00f3venes afrodescendientes e ind\u00edgenas arquitectos de futuro residentes en: Quibd\u00f3 \u00b7 Cali \u00b7 Buenaventura \u00b7 Guapi \u00b7 Timbiqu\u00ed \u00b7 Tumaco<\/p>","protected":false},"featured_media":10199,"template":"","meta":{"_acf_changed":false,"_et_pb_use_builder":"on","_et_pb_old_content":"<!-- wp:divi\/placeholder \/-->","_et_gb_content_width":"1080","inline_featured_image":false},"categories":[],"class_list":["post-10184","convocatorias","type-convocatorias","status-publish","has-post-thumbnail","hentry"],"acf":[],"_links":{"self":[{"href":"https:\/\/manosvisibles.org\/en\/wp-json\/wp\/v2\/convocatorias\/10184","targetHints":{"allow":["GET"]}}],"collection":[{"href":"https:\/\/manosvisibles.org\/en\/wp-json\/wp\/v2\/convocatorias"}],"about":[{"href":"https:\/\/manosvisibles.org\/en\/wp-json\/wp\/v2\/types\/convocatorias"}],"wp:featuredmedia":[{"embeddable":true,"href":"https:\/\/manosvisibles.org\/en\/wp-json\/wp\/v2\/media\/10199"}],"wp:attachment":[{"href":"https:\/\/manosvisibles.org\/en\/wp-json\/wp\/v2\/media?parent=10184"}],"wp:term":[{"taxonomy":"category","embeddable":true,"href":"https:\/\/manosvisibles.org\/en\/wp-json\/wp\/v2\/categories?post=10184"}],"curies":[{"name":"wp","href":"https:\/\/api.w.org\/{rel}","templated":true}]}}

<p>Buscamos a jóvenes afrodescendientes e indígenas arquitectos de futuro residentes en: Quibdó · Cali · Buenaventura · Guapi · Timbiquí · Tumaco</p>
